{"id":610,"date":"2022-06-08T20:16:42","date_gmt":"2022-06-08T18:16:42","guid":{"rendered":"https:\/\/projets-ch.henallux.be\/activitespeda\/?page_id=610"},"modified":"2022-06-08T20:18:51","modified_gmt":"2022-06-08T18:18:51","slug":"generateurs","status":"publish","type":"page","link":"https:\/\/projets-ch.henallux.be\/activitespeda\/index.php\/generateurs\/","title":{"rendered":"G\u00e9n\u00e9rateurs"},"content":{"rendered":"\n<p><a href=\"https:\/\/projets-ch.henallux.be\/activitespeda\/index.php\/generateur-de-fractions\/\">G\u00e9n\u00e9rateur de fractions<\/a><\/p>\n\n\n\n<p>G\u00e9n\u00e9rateur d&rsquo;angles<\/p>\n\n\n\n<p>G\u00e9n\u00e9rateur d&rsquo;horloges<\/p>\n\n\n\n<p><\/p>\n","protected":false},"excerpt":{"rendered":"<p>G\u00e9n\u00e9rateur de fractions G\u00e9n\u00e9rateur d&rsquo;angles G\u00e9n\u00e9rateur d&rsquo;horloges<\/p>\n","protected":false},"author":4,"featured_media":0,"parent":0,"menu_order":0,"comment_status":"closed","ping_status":"closed","template":"","meta":[],"_links":{"self":[{"href":"https:\/\/projets-ch.henallux.be\/activitespeda\/index.php\/wp-json\/wp\/v2\/pages\/610"}],"collection":[{"href":"https:\/\/projets-ch.henallux.be\/activitespeda\/index.php\/wp-json\/wp\/v2\/pages"}],"about":[{"href":"https:\/\/projets-ch.henallux.be\/activitespeda\/index.php\/wp-json\/wp\/v2\/types\/page"}],"author":[{"embeddable":true,"href":"https:\/\/projets-ch.henallux.be\/activitespeda\/index.php\/wp-json\/wp\/v2\/users\/4"}],"replies":[{"embeddable":true,"href":"https:\/\/projets-ch.henallux.be\/activitespeda\/index.php\/wp-json\/wp\/v2\/comments?post=610"}],"version-history":[{"count":2,"href":"https:\/\/projets-ch.henallux.be\/activitespeda\/index.php\/wp-json\/wp\/v2\/pages\/610\/revisions"}],"predecessor-version":[{"id":614,"href":"https:\/\/projets-ch.henallux.be\/activitespeda\/index.php\/wp-json\/wp\/v2\/pages\/610\/revisions\/614"}],"wp:attachment":[{"href":"https:\/\/projets-ch.henallux.be\/activitespeda\/index.php\/wp-json\/wp\/v2\/media?parent=610"}],"curies":[{"name":"wp","href":"https:\/\/api.w.org\/{rel}","templated":true}]}}